t common factor of 10 and 728788870?
10
What is the greatest common factor of 82425465 and 10?
5
Calculate the highest common divisor of 244 and 1431975.
61
What is the highest common factor of 143234 and 2143414?
182
What is the highest common divisor of 498332 and 50571236?
6308
What is the highest common factor of 873 and 3636438723?
873
Calculate the greatest common factor of 38843 and 264383.
1253
What is the highest common divisor of 80120 and 13560?
40
What is the highest common divisor of 5378477 and 15912?
221
What is the highest common factor of 14173199 and 276486?
6583
What is the highest common divisor of 1273 and 117317?
67
What is the greatest common factor of 14084 and 12068?
28
What is the highest common divisor of 20 and 1539445?
5
What is the highest common divisor of 516 and 5777292?
12
Calculate the highest common divisor of 520072 and 34706.
518
Calculate the greatest common factor of 4160 and 61310.
10
What is the highest common factor of 210 and 3266795?
35
What is the highest common factor of 43848452 and 12590?
2518
What is the highest common divisor of 555117580 and 20?
20
Calculate the highest common factor of 989 and 178181.
23
Calculate the highest common factor of 174874216 and 33088.
4136
What is the highest common divisor of 3029 and 61919?
13
Calculate the highest common divisor of 6351 and 2351403.
219
What is the greatest common factor of 8692 and 33041572?
164
What is the greatest common divisor of 6064435 and 231075?
5135
What is the greatest common factor of 933232 and 612032?
1168
Calculate the greatest common divisor of 8253675 and 630.
45
Calculate the greatest common factor of 3065039 and 58.
29
What is the greatest common divisor of 1864 and 6775174?
466
Calculate the greatest common divisor of 1250 and 48406875.
625
What is the greatest common divisor of 174 and 220928264?
58
What is the highest common factor of 5874 and 608877302?
1958
Calculate the greatest common factor of 147643 and 840251.
773
Calculate the highest common divisor of 73793 and 12186.
677
What is the highest common divisor of 62955 and 198180?
45
Calculate the greatest common factor of 1830738 and 25866.
2874
What is the highest common divisor of 26360923 and 1121?
19
Calculate the greatest common factor of 97584732 and 204.
12
What is the greatest common divisor of 32 and 4462936?
8
What is the greatest common divisor of 1620774 and 76200?
762
What is the greatest common divisor of 108 and 2758296?
12
Calculate the greatest common factor of 4164 and 1225524.
12
What is the highest common factor of 3699 and 966?
3
What is the highest common factor of 551432162 and 3786?
1262
What is the greatest common factor of 2784 and 183135?
87
What is the greatest common divisor of 13893997 and 3952?
247
Calculate the highest common factor of 1683888 and 31452.
12
What is the greatest common divisor of 7777056 and 639?
213
Calculate the highest common factor of 44 and 195705268.
44
What is the greatest common divisor of 10206 and 4475506?
14
Calculate the greatest common factor of 83394640 and 1918.
1918
Calculate the greatest common divisor of 25364 and 3308137.
373
What is the highest common divisor of 1166995 and 496?
31
What is the highest common factor of 1644 and 3722564?
548
Calculate the highest common divisor of 450380 and 527380.
140
Calculate the greatest common divisor of 32710325 and 15.
5
Calculate the greatest common divisor of 383347350 and 1350.
1350
Calculate the highest common factor of 364 and 384839.
91
What is the greatest common divisor of 29010218 and 4?
2
What is the highest common divisor of 892317 and 27?
3
What is the greatest common divisor of 152 and 172958178?
38
Calculate the greatest common divisor of 10644226 and 53464.
326
What is the greatest common factor of 36276204 and 288?
12
Calculate the greatest common factor of 8 and 138193240.
8
What is the greatest common divisor of 21658 and 8059870?
3094
Calculate the highest common factor of 208 and 819992.
8
Calculate the greatest common divisor of 536411 and 12091.
113
Calculate the highest common divisor of 173676960 and 162.
162
Calculate the greatest common divisor of 743943 and 2607.
237
Calculate the highest common divisor of 32252958 and 27621.
837
What is the greatest common factor of 33 and 98707136?
11
Calculate the greatest common factor of 19342 and 84490946.
1018
Calculate the highest common factor of 288 and 392544.
288
Calculate the greatest common factor of 82863 and 372713.
341
Calculate the greatest common divisor of 258 and 182811748.
86
Calculate the greatest common divisor of 3315 and 534719445.
3315
What is the greatest common divisor of 14781 and 2661717?
1137
Calculate the highest common factor of 1415936 and 35072.
256
Calculate the greatest common factor of 4708 and 6615917.
1177
What is the highest common factor of 17362697 and 93?
31
What is the highest common divisor of 1350 and 8319015?
45
What is the greatest common factor of 2491 and 51419222?
2491
What is the greatest common divisor of 139428800 and 1050?
350
Calculate the highest common divisor of 165 and 373532115.
165
What is the greatest common divisor of 20437 and 12448043?
191
Calculate the highest common divisor of 4965 and 33011292.
993
What is the highest common factor of 117936828 and 12?
12
Calculate the highest common factor of 1369 and 3332915378.
1369
What is the greatest common factor of 31572576 and 900?
36
Calculate the greatest common factor of 13232088 and 61272.
2664
What is the greatest common factor of 641410 and 150370?
110
What is the highest common factor of 1485551 and 67643?
173
Calculate the highest common divisor of 11892962 and 8194.
34
What is the greatest common factor of 71 and 5841880?
71
Calculate the highest common factor of 545 and 16032592.
109
What is the greatest common factor of 94469 and 31663786?
5557
What is the highest common divisor of 207385 and 1919?
19
What is the greatest common divisor of 201474 and 20574?
54
Calculate the highest common divisor of 4917 and 723.
3
What is the highest common divisor of 96 and 711608?
8
Calculate the greatest common factor of 3046308876 and 828.
828
Calculate the greatest common factor of 17464 and 14800504.
472
What is the highest common factor of 484 and 938718?
242
What is the highest common divisor of 1036 and 15228164?
1036
What is the greatest common divisor of 510 and 3867330?
510
Calculate the highest common factor of 1587189 and 158.
79
What is the greatest common factor of 264 and 93055512?
264
Calculate the greatest common factor of 822234254 and 6724.
3362
Calculate the highest common divisor of 683876 and 697493.
1513
Calculate the highest common divisor of 2053152 and 864.
288
Calculate the greatest common divisor of 1473 and 14471243.
491
What is the highest common factor of 79477088 and 1136?
16
Calculate the highest common divisor of 475205495 and 1315.
1315
Calculate the highest common factor of 71885120 and 640.
320
What is the greatest common divisor of 5470 and 139420?
10
Calculate the greatest common divisor of 1430 and 558910.
110
Calculate the greatest common divisor of 3572 and 6901292.
188
Calculate the highest common factor of 157807 and 1090375.
793
Calculate the highest common factor of 6107130 and 2295.
135
Calculate the greatest common factor of 2474520 and 492.
12
Calculate the greatest common divisor of 40775067 and 8412.
2103
Calculate the greatest common divisor of 14070888 and 3042.
234
Calculate the highest common factor of 259401683 and 1964.
491
Calculate the highest common factor of 6591 and 17121221.
2197
Calculate the highest common divisor of 3605258 and 723962.
3638
What is the greatest common factor of 1095942 and 528?
6
What is the greatest common divisor of 2512 and 5263111?
157
Calculate the greatest common factor of 1581436 and 5251.
59
What is the greatest common factor of 219438405 and 5310?
2655
What is the greatest common factor of 4005 and 997695?
45
Calculate the highest common factor of 11929451 and 1457.
31
Calculate the greatest common factor of 116278 and 226399.
47
What is the highest common divisor of 9640110 and 165?
15
Calculate the highest common divisor of 58052 and 1979127.
23
Calculate the greatest common divisor of 1442510 